n. Let l(b) = c*o(b) - 7*h(b). Give l(-2).
3
Let b(q) be the second derivative of -q**4/12 + 4*q**3/3 - 4*q**2 + 14*q. What is b(7)?
-1
Suppose 4*g = 5 + 3. Suppose 4*w = -2*p + 18, 2 - 3 = -3*w + p. Let k(j) = -3*j**w + j + 6*j**2 - 2*j**g. What is k(0)?
0
Let w(p) = 5*p**3 - 3*p**3 + 0 + 1 - p. Let u = 62 - 61. Determine w(u).
2
Let p(q) = q**2 - q. Let b(z) = -z**3 - 7*z**2 + 6*z + 1. Let x(u) = -b(u) - 5*p(u). What is x(-1)?
1
Let l = -5 + 9. Let a be ((-10)/l - -2)*10. Let v(y) = y**3 + 5*y**2 - y - 5. Calculate v(a).
0
Let y(a) = -3*a**2 - 3*a - 3. Let p = 9 - 7. Suppose -p*m - 4 = 0, n = 3*n - 2*m. Calculate y(n).
-9
Let c(g) be the first derivative of g**2/2 - g + 5. Calculate c(4).
3
Let i be (2/(-6))/((-2)/(-6)). Let q be (-6)/3 + (0 - i). Let o(a) = -10*a + 4. Let t(g) = 11*g - 5. Let h(n) = 4*o(n) + 3*t(n). Determine h(q).
8
Let f = 8 - 5. Suppose 2*y = 3*y + f. Let p(w) = w**2 + 1. What is p(y)?
10
Let k(a) be the second derivative of 1/6*a**3 + 2*a - 3/2*a**2 + 0. Determine k(-4).
-7
Let m be (-5)/4 + 36/(-48). Let p(a) be the third derivative of 1/3*a**3 + 0 + 1/20*a**5 + 1/6*a**4 - a**2 + 0*a. Calculate p(m).
6
Let x(h) = -h + 9. Let z be x(9). Suppose z*u + 4*u - 20 = 0. Let p(n) = -n**2 + 3*n. Calculate p(u).
-10
Let z(t) = 5*t - 1. Suppose 0 = -c - 4 + 6. Suppose 0 = -c*g - 0*g - h + 2, -5*g - h + 5 = 0. Give z(g).
4
Suppose -2*o + 1 = -7. Let h(x) = x**3 - 4*x**2 - 3. Give h(o).
-3
Let y(n) = 5*n**2 - n + 1. Suppose -4*a + 5 = a. Give y(a).
5
Suppose 5*h + 4*l = -12, 2*l - 5*l = 3*h + 6. Let q(n) = -7*n + 2. Determine q(h).
30
Let c(v) be the first derivative of -v**3/3 - 3*v**2 + 3*v + 1. Suppose -14 = -4*a - 2*g, 0*a = 2*a + 3*g - 9. Let f be a/(3 + (-14)/4). Give c(f).
3
Suppose f = -3*u + u + 5, -2*f + 7 = 3*u. Let a be f/((1/(-1))/(-3)). Let l(i) = i**3 + 2*i**2 - 2*i + 1. Let m be l(a). Let h(s) = 2*s + 2. What is h(m)?
-2
Let s(x) = 2 - 52*x + 2 + 53*x. Determine s(-4).
0
Let m(q) = -q**3 + 6*q**2 - 5*q + 4. Let t be 6 - 1 - 1/1. Let o(b) = 3*b - 4 + t*b - b - b**2. Let d be o(3). What is m(d)?
4
Let b = 10 + -16. Let z(r) = 14*r**3 + 15*r**2 - 35*r - 38. Let l(h) = 5*h**3 + 5*h**2 - 12*h - 13. Let m(p) = -11*l(p) + 4*z(p). Determine m(b).
3
Let c(h) = h**2 + 5*h - 10. Let t = -74 - -67. Determine c(t).
4
Let s(c) = c**2 - 4*c + 1. Let y = 31 - 17. Let d = -10 + y. Suppose d*a + 21 = 4*i + 5, -2*a + 13 = 5*i. Give s(i).
-2
Let s(m) = 4*m**2 + m. Let h be s(-1). Let c = h + 0. Let u(p) = 2*p**2 + 3*p**c - 6*p - 3*p**3 + 3*p**2 + 5 + p**3. Determine u(-6).
5
Let r(g) = -g**3 + 4*g**2 - 2*g - 2. Let a(s) = -s**2 + 4*s - 2. Let x be a(2). What is r(x)?
2
Let l(s) = 0 - s - 4 + 8. Calculate l(7).
-3
Let h(x) be the third derivative of x**6/180 + x**5/60 + x**3/6 + x**2. Let d(m) be the first derivative of h(m). Give d(-2).
4
Let a(c) be the first derivative of c**4 - c**3 + c**2 + c - 53. Give a(2).
25
Let y(b) = -2*b. Let n be (8/(-3))/4*-15. Let d = 7 - 4. Suppose -2*v = -2*s + 1 + d, -4*s = 2*v + n. Give y(v).
6
Let o(b) be the first derivative of -b**4/4 - 4*b**3/3 - b**2 - 3*b + 58. Determine o(-4).
5
Let p = 1 + -6. Let g(j) = j**2 + 9*j + 6. Let r(x) = -x**2 - 10*x - 7. Let d(w) = 6*g(w) + 5*r(w). Determine d(p).
6
Let l(j) = 11*j**2 + 4*j + 7. Let v(m) = m**2 + m + 1. Let y(p) = -l(p) + 6*v(p). Calculate y(1).
-4
Let m(x) = x**3 + 2*x**2 - 3*x + 3. Let f be m(-3). Let u(w) = f*w**2 - 2*w**2 + 4 - 5. Give u(-3).
8
Let k be ((-4)/(-5))/(4/10). Let y(u) = 0*u**k - 5*u - u**2 + 0*u**2 + 6. Give y(-5).
6
Let t be 5*(4 - -2 - 1). Suppose t = -4*i + 5. Let m(g) = -g**2 - 6*g. Let u(d) = d**2 + 7*d. Let c(z) = i*u(z) - 6*m(z). Determine c(0).
0
Let v(x) be the second derivative of x**5/20 - x**3/6 + 15*x**2/2 - 9*x. Calculate v(0).
15
Let m(x) = -2*x - 5 + 11 - 5 - 7. Determine m(-6).
6
Let x(r) = r**3 - 4*r**2 - 7*r. Suppose -c = 5*b + 19 + 12, 4*c = 2*b - 36. Let o = c + 16. What is x(o)?
-10
Let q(s) be the third derivative of -s**2 + 0*s - 7/6*s**3 + 1/24*s**4 + 0. Give q(5).
-2
Suppose 3*n = -5*t + 26, 1 = 5*t + 11. Suppose -n = -0*l - 4*l. Let m(u) = -2*u**3 - 4*u**2 - 4*u - 2 + u**l - u**3. Give m(-2).
6
Suppose 3*t - 20 = 8*t - 3*n, 5*n = 5*t + 20. Let g(v) = v**2 + 6*v + 6. What is g(t)?
-2
Let p(o) = o**3 + 2*o**2 + 4*o + 3. Let v be p(-2). Let a(h) = -5*h**2 - 1 + 4*h**2 - 4*h - 3*h. Give a(v).
9
Let t(v) = -v - 5. Let k(n) = -n + 10. Let z be k(13). What is t(z)?
-2
Let g(k) = 1. Let r(t) = -t - 12. Let z(w) = -4*g(w) - r(w). Let d = -46 + 32. Let a be ((-35)/d)/(2/(-4)). Give z(a).
3
Let b(i) = -10 + 19*i - 14*i + 5. Determine b(6).
25
Let j(a) = a**3 + a**2 - a + 1. Suppose 0 = -2*n - 2*n - 8. Let g be j(n). Let l(b) = -5*b**2. What is l(g)?
-5
Suppose 2*b + r - 11 = 0, -2*r + 0*r = 5*b - 27. Let j be (-4)/10 - (-12)/b. Let v(y) = -y**2 + 3*y - 3. Determine v(j).
-1
Suppose 5*v + 15 = 0, -3*v = f - v + 2. Let j be ((-18)/12)/((-3)/f). Let c(m) = m**3 + 2*m**2 - 3*m + 1. Calculate c(j).
11
Let a(t) be the second derivative of -t**5/20 - t**4/12 + t**3/6 + t**2/2 + 52*t + 2. Let d = -4 - -2. Calculate a(d).
3
Let t(k) = -2*k**3 + 2*k**2 + k - 2. Let l(b) = b - 7. Let h be l(9). Determine t(h).
-8
Let y(i) = i**3 - 3*i**2 + 2*i - 1. Let h be y(3). Let m be (-3 - -5) + 1 + 0. Let a(s) = 3*s - 8*s - m + 4*s. What is a(h)?
-8
Suppose -1 - 9 = -2*l, 0 = -5*z - l - 10. Let x be (2/4)/((-1)/(-6)). Let p(u) = -5*u**2 + 3*u**2 + 0*u**2 + 4 - x*u. What is p(z)?
-5
Let n(j) be the first derivative of -j**2 - 5*j + 3. Let m be n(-5). Suppose 0 - 5 = -m*u. Let i(s) = s. Determine i(u).
1
Suppose 2*j = 6*p - 3*p - 1, 2*p = -j - 4. Let g be p*4*7/(-14). Let x = 7 - g. Let u(k) = k**3 - 5*k**2 + k - 4. What is u(x)?
1
Let d = 4 - 1. Let v(x) = -d - 1 - x + 2*x. Let y be (-1 + 1)/(1*-1). Give v(y).
-4
Let i(r) = r**3 + 1 - 63*r + 131*r - 3*r**2 - 73*r. Calculate i(4).
-3
Let i be (-5 + 1)*(-3)/(-4). Let r(q) = 0*q + 0*q + 0*q + 2 - 2*q. What is r(i)?
8
Let c(b) = -8*b + 1. Let m(r) = 7*r - 1. Let k(o) = -4*c(o) - 5*m(o). Suppose -7 = 3*x + 2. Let d be (-1)/(x/(-2))*3. What is k(d)?
7
Suppose -d - 2*d = -60. Let j(k) = k**2 + d - 2*k - 9 - 8. Suppose 26 - 6 = 5*b. Determine j(b).
11
Suppose -9*v + 36 = 3*v. Let n(k) = 3*k + 2. Give n(v).
11
Let f(g) = -g**2 - 4*g - 6. Suppose 5*k + j + 32 = 0, 0 = -3*k - 3*j - 0 - 12. Let t = -5 - k. Suppose -x = -4*a - 4, t*x + 2 = -a - 8. Give f(x).
-6
Let x(a) = 7*a + 2. Let k(r) be the first derivative of 10*r**2 + 7*r + 2. Let u(d) = 4*k(d) - 11*x(d). Give u(-4).
-6
Let f(n) = n**3 - 4*n**2 + n - 4. Let q be (2 - 3)/((-1)/4*1). Give f(q).
0
Let k(c) be the first derivative of -c**7/840 + 7*c**6/360 - c**5/20 - c**4/12 + 8*c**3/3 + 3. Let t(u) be the third derivative of k(u). Determine t(6).
-2
Let v(o) = -15*o**3 + 8*o**2 - 8. Let z be 21 + 2*1/(-1). Let p(d) = 4*d**2 - 4 + 19*d - 7*d**3 - z*d. Let b(t) = 13*p(t) - 6*v(t). Determine b(3).
5
Let w(q) = -q - 8. Let z(s) be the third derivative of 2*s**2 - 2/3*s**3 + 5/24*s**4 + 0 + 1/20*s**5 - 1/120*s**6 + 0*s. Let g be z(4). Give w(g).
-8
Let v(w) = -4*w**3 + 2*w - 1. Suppose -19 - 17 = -2*r. Suppose 3*t + 4 = -2*x + r, -4*x = -5*t + 16. What is v(x)?
-3
Suppose -5 = t - 4. Let h = 0 + t. Let v be 12/(-3 - -4 - h). Let f(j) = 2*j - 9. Calculate f(v).
3
Suppose 0 = -2*x - 15 + 5. Let q(w) = -w**2 - 3*w + 5. Determine q(x).
-5
Let m(l) = -10*l - 5. Let v(r) = -r - 1. Let h(a) = m(a) - 4*v(a). Determine h(3).
-19
Let y(n) be the third derivative of -n**9/60480 - n**8/2880 - n**7/2520 - n**6/90 + 7*n**5/60 - 4*n**2. Let s(o) be the third derivative of y(o). What is s(-7)?
6
Let t = -2 + 1. Let i = -4 - t. Let n(r) = -2*r**3 - r**2 + 11*r - 2. Let p(y) = -3*y**3 - y**2 + 17*y - 3. Let o(s) = 8*n(s) - 5*p(s). What is o(i)?
-10
Let k(y) be the third derivative of -5/24*y**4 - 5*y**2 + y**3 + 0*y + 0 + 1/60*y**5. Give k(4).
2
Let w(p) be the second derivative of 7/2*p**2 + 1/20*p**5 - 1/6*p**3 - 1/12*p**4 + 6*p + 0. Determine w(0).
7
Let w(y) be the second derivative of y**5/20 + 2*y**4/3 - 2*y**2 + 21*y. Calculate w(-8).
-4
Let f(s) = s**2 - 2*s - 2. Let m(q) = -3*q - 8. Let x(v) = -4*v - 9. Let g(l) = -3*m(l) + 2*x(l). Let a be g(-4). What is f(a)?
-2
Suppose 3*i = -3*y - 1 + 10, -3*i = -9. Suppose j + 2*j - 33 = y. Suppose -9 - j = -5*w. Le